{"id":1214,"date":"2022-02-07T21:06:01","date_gmt":"2022-02-07T21:06:01","guid":{"rendered":"https:\/\/loudermix.com\/?page_id=1214"},"modified":"2022-02-24T00:28:35","modified_gmt":"2022-02-24T00:28:35","slug":"mixing","status":"publish","type":"page","link":"https:\/\/loudermix.com\/index.php\/mixing\/","title":{"rendered":"Mixing"},"content":{"rendered":"\n<div class=\"heateor_sss_sharing_container heateor_sss_horizontal_sharing\" data-heateor-ss-offset=\"0\" data-heateor-sss-href='https:\/\/loudermix.com\/index.php\/mixing\/'><div class=\"heateor_sss_sharing_ul\"><a aria-label=\"Facebook\" class=\"heateor_sss_facebook\" href=\"https:\/\/www.facebook.com\/sharer\/sharer.php?u=https%3A%2F%2Floudermix.com%2Findex.php%2Fmixing%2F\" title=\"Facebook\" rel=\"nofollow noopener\" target=\"_blank\" style=\"font-size:32px!important;box-shadow:none;display:inline-block;vertical-align:middle\"><span class=\"heateor_sss_svg\" style=\"background-color:#0765FE;width:30px;height:30px;display:inline-block;opacity:1;float:left;font-size:32px;box-shadow:none;display:inline-block;font-size:16px;padding:0 4px;vertical-align:middle;background-repeat:repeat;overflow:hidden;padding:0;cursor:pointer;box-sizing:content-box\"><svg style=\"display:block;\" focusable=\"false\" aria-hidden=\"true\" xmlns=\"http:\/\/www.w3.org\/2000\/svg\" width=\"100%\" height=\"100%\" viewBox=\"0 0 32 32\"><path fill=\"#fff\" d=\"M28 16c0-6.627-5.373-12-12-12S4 9.373 4 16c0 5.628 3.875 10.35 9.101 11.647v-7.98h-2.474V16H13.1v-1.58c0-4.085 1.849-5.978 5.859-5.978.76 0 2.072.15 2.608.298v3.325c-.283-.03-.775-.045-1.386-.045-1.967 0-2.728.745-2.728 2.683V16h3.92l-.673 3.667h-3.247v8.245C23.395 27.195 28 22.135 28 16Z\"><\/path><\/svg><\/span><\/a><a aria-label=\"Twitter\" class=\"heateor_sss_button_twitter\" href=\"https:\/\/twitter.com\/intent\/tweet?text=Mixing&url=https%3A%2F%2Floudermix.com%2Findex.php%2Fmixing%2F\" title=\"Twitter\" rel=\"nofollow noopener\" target=\"_blank\" style=\"font-size:32px!important;box-shadow:none;display:inline-block;vertical-align:middle\"><span class=\"heateor_sss_svg heateor_sss_s__default heateor_sss_s_twitter\" style=\"background-color:#55acee;width:30px;height:30px;display:inline-block;opacity:1;float:left;font-size:32px;box-shadow:none;display:inline-block;font-size:16px;padding:0 4px;vertical-align:middle;background-repeat:repeat;overflow:hidden;padding:0;cursor:pointer;box-sizing:content-box\"><svg style=\"display:block;\" focusable=\"false\" aria-hidden=\"true\" xmlns=\"http:\/\/www.w3.org\/2000\/svg\" width=\"100%\" height=\"100%\" viewBox=\"-4 -4 39 39\"><path d=\"M28 8.557a9.913 9.913 0 0 1-2.828.775 4.93 4.93 0 0 0 2.166-2.725 9.738 9.738 0 0 1-3.13 1.194 4.92 4.92 0 0 0-3.593-1.55 4.924 4.924 0 0 0-4.794 6.049c-4.09-.21-7.72-2.17-10.15-5.15a4.942 4.942 0 0 0-.665 2.477c0 1.71.87 3.214 2.19 4.1a4.968 4.968 0 0 1-2.23-.616v.06c0 2.39 1.7 4.38 3.952 4.83-.414.115-.85.174-1.297.174-.318 0-.626-.03-.928-.086a4.935 4.935 0 0 0 4.6 3.42 9.893 9.893 0 0 1-6.114 2.107c-.398 0-.79-.023-1.175-.068a13.953 13.953 0 0 0 7.55 2.213c9.056 0 14.01-7.507 14.01-14.013 0-.213-.005-.426-.015-.637.96-.695 1.795-1.56 2.455-2.55z\" fill=\"#fff\"><\/path><\/svg><\/span><\/a><a aria-label=\"Telegram\" class=\"heateor_sss_button_telegram\" href=\"https:\/\/telegram.me\/share\/url?url=https%3A%2F%2Floudermix.com%2Findex.php%2Fmixing%2F&text=Mixing\" title=\"Telegram\" rel=\"nofollow noopener\" target=\"_blank\" style=\"font-size:32px!important;box-shadow:none;display:inline-block;vertical-align:middle\"><span class=\"heateor_sss_svg heateor_sss_s__default heateor_sss_s_telegram\" style=\"background-color:#3da5f1;width:30px;height:30px;display:inline-block;opacity:1;float:left;font-size:32px;box-shadow:none;display:inline-block;font-size:16px;padding:0 4px;vertical-align:middle;background-repeat:repeat;overflow:hidden;padding:0;cursor:pointer;box-sizing:content-box\"><svg style=\"display:block;\" focusable=\"false\" aria-hidden=\"true\" xmlns=\"http:\/\/www.w3.org\/2000\/svg\" width=\"100%\" height=\"100%\" viewBox=\"0 0 32 32\"><path fill=\"#fff\" d=\"M25.515 6.896L6.027 14.41c-1.33.534-1.322 1.276-.243 1.606l5 1.56 1.72 5.66c.226.625.115.873.77.873.506 0 .73-.235 1.012-.51l2.43-2.363 5.056 3.734c.93.514 1.602.25 1.834-.863l3.32-15.638c.338-1.363-.52-1.98-1.41-1.577z\"><\/path><\/svg><\/span><\/a><a aria-label=\"Whatsapp\" class=\"heateor_sss_whatsapp\" href=\"https:\/\/api.whatsapp.com\/send?text=Mixing%20https%3A%2F%2Floudermix.com%2Findex.php%2Fmixing%2F\" title=\"Whatsapp\" rel=\"nofollow noopener\" target=\"_blank\" style=\"font-size:32px!important;box-shadow:none;display:inline-block;vertical-align:middle\"><span class=\"heateor_sss_svg\" style=\"background-color:#55eb4c;width:30px;height:30px;display:inline-block;opacity:1;float:left;font-size:32px;box-shadow:none;display:inline-block;font-size:16px;padding:0 4px;vertical-align:middle;background-repeat:repeat;overflow:hidden;padding:0;cursor:pointer;box-sizing:content-box\"><svg style=\"display:block;\" focusable=\"false\" aria-hidden=\"true\" xmlns=\"http:\/\/www.w3.org\/2000\/svg\" width=\"100%\" height=\"100%\" viewBox=\"-6 -5 40 40\"><path class=\"heateor_sss_svg_stroke heateor_sss_no_fill\" stroke=\"#fff\" stroke-width=\"2\" fill=\"none\" d=\"M 11.579798566743314 24.396926207859085 A 10 10 0 1 0 6.808479557110079 20.73576436351046\"><\/path><path d=\"M 7 19 l -1 6 l 6 -1\" class=\"heateor_sss_no_fill heateor_sss_svg_stroke\" stroke=\"#fff\" stroke-width=\"2\" fill=\"none\"><\/path><path d=\"M 10 10 q -1 8 8 11 c 5 -1 0 -6 -1 -3 q -4 -3 -5 -5 c 4 -2 -1 -5 -1 -4\" fill=\"#fff\"><\/path><\/svg><\/span><\/a><a class=\"heateor_sss_more\" aria-label=\"More\" title=\"More\" rel=\"nofollow noopener\" style=\"font-size: 32px!important;border:0;box-shadow:none;display:inline-block!important;font-size:16px;padding:0 4px;vertical-align: middle;display:inline;\" href=\"https:\/\/loudermix.com\/index.php\/mixing\/\" onclick=\"event.preventDefault()\"><span class=\"heateor_sss_svg\" style=\"background-color:#ee8e2d;width:30px;height:30px;display:inline-block!important;opacity:1;float:left;font-size:32px!important;box-shadow:none;display:inline-block;font-size:16px;padding:0 4px;vertical-align:middle;display:inline;background-repeat:repeat;overflow:hidden;padding:0;cursor:pointer;box-sizing:content-box;\" onclick=\"heateorSssMoreSharingPopup(this, 'https:\/\/loudermix.com\/index.php\/mixing\/', 'Mixing', '' )\"><svg xmlns=\"http:\/\/www.w3.org\/2000\/svg\" xmlns:xlink=\"http:\/\/www.w3.org\/1999\/xlink\" viewBox=\"-.3 0 32 32\" version=\"1.1\" width=\"100%\" height=\"100%\" style=\"display:block;\" xml:space=\"preserve\"><g><path fill=\"#fff\" d=\"M18 14V8h-4v6H8v4h6v6h4v-6h6v-4h-6z\" fill-rule=\"evenodd\"><\/path><\/g><\/svg><\/span><\/a><\/div><div class=\"heateorSssClear\"><\/div><\/div>\n\n\n<style>#kt-layout-id_584f80-59 > .kt-row-column-wrap{align-content:start;}:where(#kt-layout-id_584f80-59 > .kt-row-column-wrap) > .wp-block-kadence-column{justify-content:start;}#kt-layout-id_584f80-59 > .kt-row-column-wrap{column-gap:var(--global-kb-gap-md, 2rem);row-gap:var(--global-kb-gap-md, 2rem);max-width:800px;margin-left:auto;margin-right:auto;padding-top:var( --global-kb-row-default-top, 25px );padding-bottom:var( --global-kb-row-default-bottom, 25px );padding-top:80px;grid-template-columns:minmax(0, 1fr);}#kt-layout-id_584f80-59 > .kt-row-layout-overlay{opacity:0.30;}@media all and (max-width: 1024px){#kt-layout-id_584f80-59 > .kt-row-column-wrap{grid-template-columns:minmax(0, 1fr);}}@media all and (max-width: 767px){#kt-layout-id_584f80-59 > .kt-row-column-wrap{grid-template-columns:minmax(0, 1fr);}}<\/style>\n<div class=\"wp-block-kadence-rowlayout alignnone\"><div id=\"kt-layout-id_584f80-59\" class=\"kt-row-layout-inner kt-layout-id_584f80-59\"><div class=\"kt-row-column-wrap kt-has-1-columns kt-gutter-default kt-v-gutter-default kt-row-valign-top kt-row-layout-equal kt-tab-layout-inherit kt-m-colapse-left-to-right kt-mobile-layout-row\"><style>.kadence-column_4241fc-96 > .kt-inside-inner-col{border-top-width:0px;border-right-width:0px;border-bottom-width:0px;border-left-width:0px;}.kadence-column_4241fc-96 > .kt-inside-inner-col,.kadence-column_4241fc-96 > .kt-inside-inner-col:before{border-top-left-radius:0px;border-top-right-radius:0px;border-bottom-right-radius:0px;border-bottom-left-radius:0px;}.kadence-column_4241fc-96 > .kt-inside-inner-col{column-gap:var(--global-kb-gap-sm, 1rem);}.kadence-column_4241fc-96 > .kt-inside-inner-col{flex-direction:column;}.kadence-column_4241fc-96 > .kt-inside-inner-col > .aligncenter{width:100%;}.kadence-column_4241fc-96 > .kt-inside-inner-col:before{opacity:0.3;}.kadence-column_4241fc-96{position:relative;}@media all and (max-width: 1024px){.kadence-column_4241fc-96 > .kt-inside-inner-col{flex-direction:column;justify-content:center;}}@media all and (max-width: 767px){.kadence-column_4241fc-96 > .kt-inside-inner-col{flex-direction:column;justify-content:center;}}<\/style>\n<div class=\"wp-block-kadence-column inner-column-1 kadence-column_4241fc-96\"><div class=\"kt-inside-inner-col\"><style>.wp-block-kadence-advancedheading.kt-adv-heading_b530d1-9b, .wp-block-kadence-advancedheading.kt-adv-heading_b530d1-9b[data-kb-block=\"kb-adv-heading_b530d1-9b\"]{text-align:center;font-style:normal;}.wp-block-kadence-advancedheading.kt-adv-heading_b530d1-9b mark.kt-highlight, .wp-block-kadence-advancedheading.kt-adv-heading_b530d1-9b[data-kb-block=\"kb-adv-heading_b530d1-9b\"] mark.kt-highlight{font-style:normal;color:#f76a0c;-webkit-box-decoration-break:clone;box-decoration-break:clone;padding-top:0px;padding-right:0px;padding-bottom:0px;padding-left:0px;}.wp-block-kadence-advancedheading.kt-adv-heading_b530d1-9b img.kb-inline-image, .wp-block-kadence-advancedheading.kt-adv-heading_b530d1-9b[data-kb-block=\"kb-adv-heading_b530d1-9b\"] img.kb-inline-image{width:150px;vertical-align:baseline;}<\/style>\n<h2 class=\"kt-adv-heading_b530d1-9b wp-block-kadence-advancedheading\" data-kb-block=\"kb-adv-heading_b530d1-9b\">Tu producci\u00f3n puede sonar<br>como imaginaste<\/h2>\n<\/div><\/div>\n<\/div><\/div><\/div>\n\n\n<style>#kt-layout-id_ccde4d-16 > .kt-row-column-wrap{align-content:start;}:where(#kt-layout-id_ccde4d-16 > .kt-row-column-wrap) > .wp-block-kadence-column{justify-content:start;}#kt-layout-id_ccde4d-16 > .kt-row-column-wrap{column-gap:80px;row-gap:var(--global-kb-gap-md, 2rem);max-width:790px;padding-top:var( --global-kb-row-default-top, 25px );padding-bottom:var( --global-kb-row-default-bottom, 25px );padding-top:var(--global-kb-spacing-sm, 1.5rem);padding-bottom:var(--global-kb-spacing-sm, 1.5rem);grid-template-columns:repeat(2, minmax(0, 1fr));}#kt-layout-id_ccde4d-16 > .kt-row-layout-overlay{opacity:0.30;}@media all and (max-width: 1024px){#kt-layout-id_ccde4d-16 > .kt-row-column-wrap{grid-template-columns:repeat(2, minmax(0, 1fr));}}@media all and (max-width: 767px){#kt-layout-id_ccde4d-16 > .kt-row-column-wrap{grid-template-columns:minmax(0, 1fr);}}<\/style>\n<div class=\"wp-block-kadence-rowlayout alignnone\"><div id=\"kt-layout-id_ccde4d-16\" class=\"kt-row-layout-inner kt-layout-id_ccde4d-16\"><div class=\"kt-row-column-wrap kt-has-2-columns kt-gutter-widest kt-v-gutter-default kt-row-valign-top kt-row-layout-equal kt-tab-layout-inherit kt-m-colapse-left-to-right kt-mobile-layout-row kb-theme-content-width\"><style>.kadence-column_a9f51f-ad > .kt-inside-inner-col{border-top-width:0px;border-right-width:0px;border-bottom-width:0px;border-left-width:0px;}.kadence-column_a9f51f-ad > .kt-inside-inner-col,.kadence-column_a9f51f-ad > .kt-inside-inner-col:before{border-top-left-radius:0px;border-top-right-radius:0px;border-bottom-right-radius:0px;border-bottom-left-radius:0px;}.kadence-column_a9f51f-ad > .kt-inside-inner-col{column-gap:var(--global-kb-gap-sm, 1rem);}.kadence-column_a9f51f-ad > .kt-inside-inner-col{flex-direction:column;}.kadence-column_a9f51f-ad > .kt-inside-inner-col > .aligncenter{width:100%;}.kadence-column_a9f51f-ad > .kt-inside-inner-col:before{opacity:0.3;}.kadence-column_a9f51f-ad{position:relative;}@media all and (max-width: 1024px){.kadence-column_a9f51f-ad > .kt-inside-inner-col{flex-direction:column;justify-content:center;}}@media all and (max-width: 767px){.kadence-column_a9f51f-ad > .kt-inside-inner-col{flex-direction:column;justify-content:center;}}<\/style>\n<div class=\"wp-block-kadence-column inner-column-1 kadence-column_a9f51f-ad\"><div class=\"kt-inside-inner-col\">\n<p class=\"has-theme-palette-6-color has-text-color\" style=\"line-height:2\">Nos especializamos en el arte de la mezcla de m\u00fasica de diversos g\u00e9neros, comprometidos a lograr la m\u00e1s alta fidelidad y con el mayor impacto<\/p>\n<\/div><\/div>\n\n\n<style>.kadence-column_d604b9-60 > .kt-inside-inner-col{border-top-width:0px;border-right-width:0px;border-bottom-width:0px;border-left-width:0px;}.kadence-column_d604b9-60 > .kt-inside-inner-col,.kadence-column_d604b9-60 > .kt-inside-inner-col:before{border-top-left-radius:0px;border-top-right-radius:0px;border-bottom-right-radius:0px;border-bottom-left-radius:0px;}.kadence-column_d604b9-60 > .kt-inside-inner-col{column-gap:var(--global-kb-gap-sm, 1rem);}.kadence-column_d604b9-60 > .kt-inside-inner-col{flex-direction:column;}.kadence-column_d604b9-60 > .kt-inside-inner-col > .aligncenter{width:100%;}.kadence-column_d604b9-60 > .kt-inside-inner-col:before{opacity:0.3;}.kadence-column_d604b9-60{position:relative;}@media all and (max-width: 1024px){.kadence-column_d604b9-60 > .kt-inside-inner-col{flex-direction:column;justify-content:center;}}@media all and (max-width: 767px){.kadence-column_d604b9-60 > .kt-inside-inner-col{flex-direction:column;justify-content:center;}}<\/style>\n<div class=\"wp-block-kadence-column inner-column-2 kadence-column_d604b9-60\"><div class=\"kt-inside-inner-col\">\n<p class=\"has-theme-palette-6-color has-text-color\" style=\"line-height:2\">Priorizamos la comunicaci\u00f3n fluida con el artista de forma de lograr una visi\u00f3n com\u00fan y fijar expectativas claras sobre el resultado esperado<\/p>\n<\/div><\/div>\n<\/div><\/div><\/div>\n\n\n<style>#kt-layout-id_3fd82f-b2 > .kt-row-column-wrap{align-content:start;}:where(#kt-layout-id_3fd82f-b2 > .kt-row-column-wrap) > .wp-block-kadence-column{justify-content:start;}#kt-layout-id_3fd82f-b2 > .kt-row-column-wrap{column-gap:80px;row-gap:var(--global-kb-gap-md, 2rem);max-width:790px;padding-top:var( --global-kb-row-default-top, 25px );padding-bottom:var( --global-kb-row-default-bottom, 25px );padding-bottom:80px;grid-template-columns:repeat(2, minmax(0, 1fr));}#kt-layout-id_3fd82f-b2 > .kt-row-layout-overlay{opacity:0.30;}@media all and (max-width: 1024px){#kt-layout-id_3fd82f-b2 > .kt-row-column-wrap{grid-template-columns:repeat(2, minmax(0, 1fr));}}@media all and (max-width: 767px){#kt-layout-id_3fd82f-b2 > .kt-row-column-wrap{grid-template-columns:minmax(0, 1fr);}}<\/style>\n<div class=\"wp-block-kadence-rowlayout alignnone\"><div id=\"kt-layout-id_3fd82f-b2\" class=\"kt-row-layout-inner kt-layout-id_3fd82f-b2\"><div class=\"kt-row-column-wrap kt-has-2-columns kt-gutter-widest kt-v-gutter-default kt-row-valign-top kt-row-layout-equal kt-tab-layout-inherit kt-m-colapse-left-to-right kt-mobile-layout-row kb-theme-content-width\"><style>.kadence-column_91315d-bb > .kt-inside-inner-col{border-top-width:0px;border-right-width:0px;border-bottom-width:0px;border-left-width:0px;}.kadence-column_91315d-bb > .kt-inside-inner-col,.kadence-column_91315d-bb > .kt-inside-inner-col:before{border-top-left-radius:0px;border-top-right-radius:0px;border-bottom-right-radius:0px;border-bottom-left-radius:0px;}.kadence-column_91315d-bb > .kt-inside-inner-col{column-gap:var(--global-kb-gap-sm, 1rem);}.kadence-column_91315d-bb > .kt-inside-inner-col{flex-direction:column;}.kadence-column_91315d-bb > .kt-inside-inner-col > .aligncenter{width:100%;}.kadence-column_91315d-bb > .kt-inside-inner-col:before{opacity:0.3;}.kadence-column_91315d-bb{position:relative;}@media all and (max-width: 1024px){.kadence-column_91315d-bb > .kt-inside-inner-col{flex-direction:column;justify-content:center;}}@media all and (max-width: 767px){.kadence-column_91315d-bb > .kt-inside-inner-col{flex-direction:column;justify-content:center;}}<\/style>\n<div class=\"wp-block-kadence-column inner-column-1 kadence-column_91315d-bb\"><div class=\"kt-inside-inner-col\">\n<figure class=\"wp-block-image size-large\"><img loading=\"lazy\" decoding=\"async\" width=\"1024\" height=\"682\" src=\"https:\/\/loudermix.com\/wp-content\/uploads\/2022\/02\/loudermix-01-1024x682.jpg\" alt=\"loudermix Mixing\" class=\"wp-image-1844\" srcset=\"https:\/\/loudermix.com\/wp-content\/uploads\/2022\/02\/loudermix-01-1024x682.jpg 1024w, https:\/\/loudermix.com\/wp-content\/uploads\/2022\/02\/loudermix-01-600x400.jpg 600w, https:\/\/loudermix.com\/wp-content\/uploads\/2022\/02\/loudermix-01-300x200.jpg 300w, https:\/\/loudermix.com\/wp-content\/uploads\/2022\/02\/loudermix-01-768x512.jpg 768w, https:\/\/loudermix.com\/wp-content\/uploads\/2022\/02\/loudermix-01.jpg 1280w\" sizes=\"auto, (max-width: 1024px) 100vw, 1024px\" \/><\/figure>\n<\/div><\/div>\n\n\n<style>.kadence-column_8d9fd1-53 > .kt-inside-inner-col{border-top-width:0px;border-right-width:0px;border-bottom-width:0px;border-left-width:0px;}.kadence-column_8d9fd1-53 > .kt-inside-inner-col,.kadence-column_8d9fd1-53 > .kt-inside-inner-col:before{border-top-left-radius:0px;border-top-right-radius:0px;border-bottom-right-radius:0px;border-bottom-left-radius:0px;}.kadence-column_8d9fd1-53 > .kt-inside-inner-col{column-gap:var(--global-kb-gap-sm, 1rem);}.kadence-column_8d9fd1-53 > .kt-inside-inner-col{flex-direction:column;}.kadence-column_8d9fd1-53 > .kt-inside-inner-col > .aligncenter{width:100%;}.kadence-column_8d9fd1-53 > .kt-inside-inner-col:before{opacity:0.3;}.kadence-column_8d9fd1-53{position:relative;}@media all and (max-width: 1024px){.kadence-column_8d9fd1-53 > .kt-inside-inner-col{flex-direction:column;justify-content:center;}}@media all and (max-width: 767px){.kadence-column_8d9fd1-53 > .kt-inside-inner-col{flex-direction:column;justify-content:center;}}<\/style>\n<div class=\"wp-block-kadence-column inner-column-2 kadence-column_8d9fd1-53\"><div class=\"kt-inside-inner-col\"><style>.wp-block-kadence-advancedheading.kt-adv-heading_a9b31f-e7, .wp-block-kadence-advancedheading.kt-adv-heading_a9b31f-e7[data-kb-block=\"kb-adv-heading_a9b31f-e7\"]{font-weight:500;font-style:normal;text-transform:uppercase;}.wp-block-kadence-advancedheading.kt-adv-heading_a9b31f-e7 mark.kt-highlight, .wp-block-kadence-advancedheading.kt-adv-heading_a9b31f-e7[data-kb-block=\"kb-adv-heading_a9b31f-e7\"] mark.kt-highlight{font-style:normal;color:#f76a0c;-webkit-box-decoration-break:clone;box-decoration-break:clone;padding-top:0px;padding-right:0px;padding-bottom:0px;padding-left:0px;}.wp-block-kadence-advancedheading.kt-adv-heading_a9b31f-e7 img.kb-inline-image, .wp-block-kadence-advancedheading.kt-adv-heading_a9b31f-e7[data-kb-block=\"kb-adv-heading_a9b31f-e7\"] img.kb-inline-image{width:150px;vertical-align:baseline;}<\/style>\n<h5 class=\"kt-adv-heading_a9b31f-e7 wp-block-kadence-advancedheading\" data-kb-block=\"kb-adv-heading_a9b31f-e7\">la mezcla es UNA visi\u00f3n<\/h5>\n\n\n\n<p class=\"has-theme-palette-6-color has-text-color\">Tanto sea que necesites mezclar un s\u00f3lo tema como un EP o un album completo, podemos ayudarte a que toda tu producci\u00f3n logre un sonido propio como el que imaginaste durante la creaci\u00f3n<\/p>\n\n\n<style>.wp-block-kadence-advancedheading.kt-adv-heading_7e4453-9c, .wp-block-kadence-advancedheading.kt-adv-heading_7e4453-9c[data-kb-block=\"kb-adv-heading_7e4453-9c\"]{font-weight:500;font-style:normal;text-transform:uppercase;}.wp-block-kadence-advancedheading.kt-adv-heading_7e4453-9c mark.kt-highlight, .wp-block-kadence-advancedheading.kt-adv-heading_7e4453-9c[data-kb-block=\"kb-adv-heading_7e4453-9c\"] mark.kt-highlight{font-style:normal;color:#f76a0c;-webkit-box-decoration-break:clone;box-decoration-break:clone;padding-top:0px;padding-right:0px;padding-bottom:0px;padding-left:0px;}.wp-block-kadence-advancedheading.kt-adv-heading_7e4453-9c img.kb-inline-image, .wp-block-kadence-advancedheading.kt-adv-heading_7e4453-9c[data-kb-block=\"kb-adv-heading_7e4453-9c\"] img.kb-inline-image{width:150px;vertical-align:baseline;}<\/style>\n<h5 class=\"kt-adv-heading_7e4453-9c wp-block-kadence-advancedheading\" data-kb-block=\"kb-adv-heading_7e4453-9c\">La mezcla es destreza t\u00e9cnica<\/h5>\n\n\n\n<p class=\"has-theme-palette-6-color has-text-color\">Aportamos desde lo t\u00e9cnico todos los conocimientos y experiencia para lograr un producto final que suene en l\u00ednea con los est\u00e1ndares de la industria<\/p>\n\n\n<style>.wp-block-kadence-advancedheading.kt-adv-heading_d3f02d-61, .wp-block-kadence-advancedheading.kt-adv-heading_d3f02d-61[data-kb-block=\"kb-adv-heading_d3f02d-61\"]{font-weight:500;font-style:normal;text-transform:uppercase;}.wp-block-kadence-advancedheading.kt-adv-heading_d3f02d-61 mark.kt-highlight, .wp-block-kadence-advancedheading.kt-adv-heading_d3f02d-61[data-kb-block=\"kb-adv-heading_d3f02d-61\"] mark.kt-highlight{font-style:normal;color:#f76a0c;-webkit-box-decoration-break:clone;box-decoration-break:clone;padding-top:0px;padding-right:0px;padding-bottom:0px;padding-left:0px;}.wp-block-kadence-advancedheading.kt-adv-heading_d3f02d-61 img.kb-inline-image, .wp-block-kadence-advancedheading.kt-adv-heading_d3f02d-61[data-kb-block=\"kb-adv-heading_d3f02d-61\"] img.kb-inline-image{width:150px;vertical-align:baseline;}<\/style>\n<h5 class=\"kt-adv-heading_d3f02d-61 wp-block-kadence-advancedheading\" data-kb-block=\"kb-adv-heading_d3f02d-61\">La mezcla es un arte<\/h5>\n\n\n\n<p class=\"has-theme-palette-6-color has-text-color\">Desde lo art\u00edstico trabajamos con un criterio creativo y acorde a la visi\u00f3n del artista. Buscamos elementos que puedan sumar a la obra y logren destacarla dentro de su g\u00e9nero<\/p>\n<\/div><\/div>\n<\/div><\/div><\/div>\n","protected":false},"excerpt":{"rendered":"<p>Nos especializamos en el arte de la mezcla de m\u00fasica de diversos g\u00e9neros, comprometidos a lograr la m\u00e1s alta fidelidad y con el mayor impacto<\/p>\n","protected":false},"author":1,"featured_media":1844,"parent":0,"menu_order":0,"comment_status":"closed","ping_status":"closed","template":"","meta":{"_monsterinsights_skip_tracking":false,"_monsterinsights_sitenote_active":false,"_monsterinsights_sitenote_note":"","_monsterinsights_sitenote_category":0,"footnotes":""},"class_list":["post-1214","page","type-page","status-publish","has-post-thumbnail","hentry"],"aioseo_notices":[],"_links":{"self":[{"href":"https:\/\/loudermix.com\/index.php\/wp-json\/wp\/v2\/pages\/1214","targetHints":{"allow":["GET"]}}],"collection":[{"href":"https:\/\/loudermix.com\/index.php\/wp-json\/wp\/v2\/pages"}],"about":[{"href":"https:\/\/loudermix.com\/index.php\/wp-json\/wp\/v2\/types\/page"}],"author":[{"embeddable":true,"href":"https:\/\/loudermix.com\/index.php\/wp-json\/wp\/v2\/users\/1"}],"replies":[{"embeddable":true,"href":"https:\/\/loudermix.com\/index.php\/wp-json\/wp\/v2\/comments?post=1214"}],"version-history":[{"count":5,"href":"https:\/\/loudermix.com\/index.php\/wp-json\/wp\/v2\/pages\/1214\/revisions"}],"predecessor-version":[{"id":2372,"href":"https:\/\/loudermix.com\/index.php\/wp-json\/wp\/v2\/pages\/1214\/revisions\/2372"}],"wp:featuredmedia":[{"embeddable":true,"href":"https:\/\/loudermix.com\/index.php\/wp-json\/wp\/v2\/media\/1844"}],"wp:attachment":[{"href":"https:\/\/loudermix.com\/index.php\/wp-json\/wp\/v2\/media?parent=1214"}],"curies":[{"name":"wp","href":"https:\/\/api.w.org\/{rel}","templated":true}]}}